lculate the remainder when 37622561 is divided by 119.
116
What is the remainder when 1608278 is divided by 3236?
3222
What is the remainder when 120219203 is divided by 12792?
12779
What is the remainder when 2430754 is divided by 78407?
137
What is the remainder when 7775461 is divided by 26?
5
What is the remainder when 180797 is divided by 195?
32
Calculate the remainder when 873616 is divided by 190.
186
Calculate the remainder when 145322 is divided by 145285.
37
Calculate the remainder when 90742 is divided by 45126.
490
Calculate the remainder when 237455624 is divided by 27.
20
What is the remainder when 3407273 is divided by 43?
39
What is the remainder when 408224 is divided by 25493?
336
What is the remainder when 531547152 is divided by 721?
717
What is the remainder when 276184248 is divided by 413?
410
What is the remainder when 5440000 is divided by 334?
142
What is the remainder when 352382 is divided by 4758?
290
Calculate the remainder when 10154 is divided by 2521.
70
Calculate the remainder when 702989184 is divided by 30.
24
Calculate the remainder when 144918 is divided by 1610.
18
What is the remainder when 40612 is divided by 6610?
952
Calculate the remainder when 841033 is divided by 280325.
58
Calculate the remainder when 236980 is divided by 1877.
478
Calculate the remainder when 4585514 is divided by 1082.
1080
Calculate the remainder when 44946 is divided by 4446.
486
Calculate the remainder when 58161 is divided by 6633.
5097
What is the remainder when 10259449 is divided by 155?
154
What is the remainder when 21537575 is divided by 978979?
37
Calculate the remainder when 51725840 is divided by 9168.
9152
What is the remainder when 7292735 is divided by 276?
263
Calculate the remainder when 997664257 is divided by 251.
250
What is the remainder when 257494 is divided by 16985?
2719
Calculate the remainder when 2448851 is divided by 155.
6
Calculate the remainder when 46737 is divided by 2444.
301
What is the remainder when 2413706 is divided by 2566?
1666
Calculate the remainder when 159078 is divided by 209.
29
What is the remainder when 69788 is divided by 8492?
1852
What is the remainder when 200375 is divided by 4261?
108
What is the remainder when 3436 is divided by 1622?
192
What is the remainder when 2564 is divided by 58?
12
What is the remainder when 97615 is divided by 889?
714
Calculate the remainder when 2490424 is divided by 4207.
4087
What is the remainder when 65902 is divided by 4115?
62
Calculate the remainder when 128309312 is divided by 64154655.
2
Calculate the remainder when 13423753 is divided by 4772.
117
What is the remainder when 138453382 is divided by 18662?
4
Calculate the remainder when 6025558 is divided by 36.
22
What is the remainder when 219221 is divided by 226?
1
Calculate the remainder when 1886263 is divided by 1006.
13
What is the remainder when 1841256 is divided by 250?
6
Calculate the remainder when 656421 is divided by 1943.
1630
Calculate the remainder when 2530246 is divided by 145.
141
What is the remainder when 1303975 is divided by 17?
7
What is the remainder when 42013 is divided by 4624?
397
Calculate the remainder when 4198390 is divided by 4198191.
199
Calculate the remainder when 17378926 is divided by 1512.
1510
What is the remainder when 208992 is divided by 34824?
48
Calculate the remainder when 27832 is divided by 1751.
1567
Calculate the remainder when 24026970 is divided by 48344.
2
Calculate the remainder when 2799661 is divided by 3138.
565
What is the remainder when 17168816 is divided by 3966?
2
What is the remainder when 1079241 is divided by 179867?
39
Calculate the remainder when 46607281 is divided by 526.
525
What is the remainder when 807752 is divided by 269155?
287
Calculate the remainder when 42551 is divided by 209.
124
What is the remainder when 2114120 is divided by 530?
480
What is the remainder when 16732703 is divided by 11734?
19
Calculate the remainder when 688753 is divided by 50.
3
Calculate the remainder when 78741289 is divided by 235.
74
What is the remainder when 2740625 is divided by 114186?
161
What is the remainder when 807549 is divided by 67?
65
Calculate the remainder when 8317 is divided by 6408.
1909
Calculate the remainder when 2083771 is divided by 231525.
46
Calculate the remainder when 4548461 is divided by 505384.
5
Calculate the remainder when 1395316 is divided by 4828.
24
Calculate the remainder when 5212702 is divided by 221.
196
Calculate the remainder when 4216944 is divided by 81095.
4
Calculate the remainder when 190810 is divided by 94668.
1474
What is the remainder when 175357 is divided by 27996?
7381
Calculate the remainder when 202337370 is divided by 1309.
4
Calculate the remainder when 383038 is divided by 1713.
1039
Calculate the remainder when 519789 is divided by 8389.
8060
What is the remainder when 151607 is divided by 743?
35
What is the remainder when 78930 is divided by 209?
137
Calculate the remainder when 39859 is divided by 497.
99
Calculate the remainder when 17351157 is divided by 2623.
12
Calculate the remainder when 9473544 is divided by 412.
16
Calculate the remainder when 8323185 is divided by 14375.
60
What is the remainder when 14866502 is divided by 291500?
2
What is the remainder when 401298 is divided by 200628?
42
Calculate the remainder when 19978366 is divided by 23869.
13
Calculate the remainder when 120604 is divided by 1110.
724
Calculate the remainder when 23889578 is divided by 772.
38
Calculate the remainder when 7255005 is divided by 26.
17
Calculate the remainder when 14336 is divided by 19.
10
Calculate the remainder when 17548678 is divided by 17548657.
21
What is the remainder when 2429977 is divided by 607485?
37
Calculate the remainder when 3373718 is divided by 27.
14
Calculate the remainder when 18447 is divided by 4263.
1395
What is the remainder when 71397 is divided by 2532?
501
What is the remainder when 6642634 is divided by 141330?
124
What is the remainder when 3966042 is divided by 1904?
10
What is the remainder when 7059150 is divided by 19?
4
What is the remainder when 1138990 is divided by 81355?
20
What is the remainder when 111126490 is divided by 3767?
3757
What is the remainder when 250454 is divided by 2084?
374
What is the remainder when 282561 is divided by 16617?
72
What is the remainder when 151219 is divided by 2486?
2059
What is the remainder when 54302 is divided by 26950?
402
Calculate the remainder when 270623 is divided by 417.
407
Calculate the remainder when 4016605 is divided by 189.
166
What is the remainder when 2097178 is divided by 53771?
109
Calculate the remainder when 1313176 is divided by 23449.
32
Calculate the remainder when 793770 is divided by 19843.
50
Calculate the remainder when 1450528 is divided by 120875.
28
Calculate the remainder when 594209 is divided by 118793.
244
Calculate the remainder when 418162 is divided by 2376.
2362
Calculate the remainder when 15401947 is divided by 5133967.
46
Calculate the remainder when 3636670 is divided by 3812.
22
What is the remainder when 412142 is divided by 256?
238
Calculate the remainder when 134883838 is divided by 1351.
1349
What is the remainder when 196280 is divided by 14016?
56
Calculate the remainder when 1528 is divided by 1510.
18
Calculate the remainder when 16976925 is divided by 2918.
1
What is the remainder when 8628998 is divided by 515?
173
What is the remainder when 91547 is divided by 1065?
1022
What is the remainder when 13344275 is divided by 39?
35
Calculate the remainder when 6826741 is divided by 6826714.
27
What is the remainder when 44291762 is divided by 248?
202
What is the remainder when 1578367 is divided by 44?
43
What is the remainder when 20134303 is divided by 4026793?
338
Calculate the remainder when 139350 is divided by 46239.
633
Calculate the remainder when 7649640 is divided by 154.
152
Calculate the remainder when 193466 is divided by 760.
426
Calculate the remainder when 5926622 is divided by 11.
9
Calculate the remainder when 175102 is divided by 2887.
1882
Calculate the remainder when 41033 is divided by 411.
344
Calculate the remainder when 44740601 is divided by 24939.
35
What is the remainder when 4983529 is divided by 2491479